uppose 13*j - 1548 + 261 = 0. Suppose 2*u - 7*u = -45. What is the highest common divisor of j and u?
9
Let f(w) = -w + 15. Suppose q + 3*x - 23 = -10, 5*q - 2*x = 48. Let j be f(q). What is the greatest common factor of j and 25?
5
Let m = 39 - -285. Let u be (-1 - -3) + -3 + -6. Let r be u*(4 - (-256)/(-28)). What is the greatest common factor of m and r?
36
Suppose -3*a + 57 = -9. Let n be (-10)/(90/9)*-44. Calculate the highest common divisor of a and n.
22
Suppose -55 = -41*u + 36*u. Let j be 110/15*6/2. Calculate the greatest common divisor of u and j.
11
Let p(w) = 7*w**2 - 11*w + 30. Let c be p(6). Let j = -52 - -79. What is the greatest common divisor of c and j?
27
Suppose -5*v + 16 = 4*q, 50*v - 53*v + 17 = -5*q. Suppose 0 = 2*t - 35 - 53. What is the greatest common factor of t and v?
4
Let l = 388 - 350. What is the greatest common divisor of l and 247?
19
Suppose -35 = 4*x - 103. Suppose a = -s - 9 + 64, -2*a = -2*s - 106. Let f = a + -3. Calculate the highest common factor of x and f.
17
Suppose x = -4 + 10. Suppose x*t - t = -4*r + 453, 0 = -t + 1. What is the highest common divisor of r and 16?
16
Let c = 34 - 19. Suppose -c*a + 72 = -11*a. Let k be (-948)/(-21) + 4/(-28). Calculate the highest common factor of a and k.
9
Suppose -m - 3 = 0, 3*m - 74 = -2*d + 57. What is the highest common divisor of d and 28?
14
Let d = 8 + 3. Let v be -9 - 17/((-51)/60). What is the greatest common factor of v and d?
11
Suppose -3*f - 19 = -22. Calculate the highest common factor of 23 and f.
1
Suppose -4*p - 8 = 0, 2*k - 2*p = -8 + 22. Suppose -2*z + 360 = 2*v - 0*z, k*v + z = 900. Calculate the greatest common factor of v and 20.
20
Let x = -746 + 1961. Calculate the greatest common divisor of x and 5.
5
Let k be (-14)/(-5 - -3 - 0). Suppose -70 = -k*p + 5*p. What is the highest common factor of p and 5?
5
Let m be 6783/34*6/9. What is the highest common factor of m and 76?
19
Let p(h) = 11*h + 14. Let x(j) be the first derivative of -3*j**2/2 + 5*j - 5. Let w be x(-3). Let s be p(w). What is the highest common divisor of 21 and s?
21
Let n = -457 + 799. Calculate the greatest common factor of 38 and n.
38
Let p(m) = -3*m**2 - 19*m + 18. Let v be p(-5). Calculate the highest common factor of v and 76.
38
Let i(c) = -9*c - 2. Let m(o) = -31*o + 45*o + 39*o + 11. Let l(f) = 34*i(f) + 6*m(f). Let t be l(1). What is the highest common factor of t and 110?
10
Suppose 2*r + 0*r - 317 = -3*o, r + 2*o - 161 = 0. Let d = -91 + r. Suppose 0*m = -4*m + d. What is the highest common divisor of m and 5?
5
Let c = -1 + 5. Let q be (-100)/6 - (-12)/18. Let o be ((-27)/(-3))/((-4)/q). What is the highest common divisor of c and o?
4
Let q be 212/8 - (-18)/36. Suppose 4*c - 27 = -5*n, -3*n - 4*c + 3 = -18. Calculate the highest common factor of n and q.
3
Suppose 165 = 2*v - 3*x, -3*v - 2*v = 2*x - 365. Calculate the highest common factor of 120 and v.
15
Let f(y) = -y**3 - 3*y**2 + 14*y + 5. Let n be f(-6). Let m be (-668)/9 + (-6)/(-27). Let l = -16 - m. What is the greatest common factor of l and n?
29
Let h(b) = -b**2 + 16*b - 9. Let z = -47 - -62. Let r be h(z). Calculate the greatest common divisor of 66 and r.
6
Let f(i) be the second derivative of 1/3*i**3 + 3*i + 3*i**2 + 1/6*i**4 + 0. Let l be f(-4). Calculate the highest common divisor of 15 and l.
15
Suppose u - 4*m - 22 = 0, 49 = 4*u + m - 4*m. What is the highest common divisor of u and 610?
10
Let y(t) = 2*t + 3. Let b be y(3). Let u(k) = -13*k - 29. Let p be u(-2). Let g be p/(-1)*(10 + -5 + -2). Calculate the highest common factor of g and b.
9
Let b be -5 + -5 + 63 + 4. Calculate the highest common factor of 969 and b.
57
Suppose 4 = 4*d + 3*y - 2, -y = d - 2. Suppose 12 = -d*o + 2*o. Suppose -2*a - o = 0, -h - a = 3*h - 597. What is the highest common divisor of h and 30?
30
Let s = -74 - -105. Let q = -481 + 636. What is the highest common divisor of q and s?
31
Let g = 38 - 34. Suppose 0 = -3*r + 8 + g. Calculate the greatest common divisor of 44 and r.
4
Let c = -107 + 166. Let u be c/1*2 + 3. What is the highest common factor of u and 11?
11
Let z(n) = 8*n + 152. Let f be z(13). What is the greatest common divisor of f and 8?
8
Let o be -1*(5 + -9 + 4 - 7). What is the highest common divisor of 217 and o?
7
Let o(h) = 3*h + 26. Let z be o(6). Let m = -28 + z. Let f = -2 + 4. Calculate the greatest common divisor of f and m.
2
Let w be (-386)/(-8) + 50/(-200). What is the highest common divisor of 60 and w?
12
Let n(u) = u**2 + 17*u + 58. Let i be n(18). What is the highest common factor of i and 16?
16
Let w(r) = r**2 + 2*r - 1. Let t be w(0). Let y be (t - (10/14 - 0))*-21. What is the highest common factor of 144 and y?
36
Let n be (-154)/4*(-6 + 0). Suppose 3*c - 5*c + 8 = 0, 4*v - 80 = c. What is the highest common factor of n and v?
21
Let x be (-847)/(-6) - 6/36. Suppose 0*y - x = -3*y. Suppose k - y = -11. What is the highest common divisor of 4 and k?
4
Let d = 202 + 501. What is the highest common factor of 19 and d?
19
Let n be 26*(-6)/((32/24)/(-1)). What is the greatest common divisor of n and 65?
13
Suppose -3*c - 2*c - 2*v + 1041 = 0, 606 = 3*c - 5*v. Let i be 3 + 16/(-12)*c/(-2). Calculate the greatest common divisor of 94 and i.
47
Let p = -656 - -658. What is the greatest common divisor of p and 22?
2
Suppose -4*d + 33 + 47 = 0. Let s = d - 0. Suppose 153 = 4*l + 33. Calculate the greatest common divisor of s and l.
10
Let v be -1 - 6*1/2. Let w be 1/((4/(-9))/v). Suppose 3 - 6 = -3*q. What is the highest common divisor of w and q?
1
Let w(c) = 2*c**3 - 6*c**2 + 2*c. Let x be w(5). What is the greatest common factor of 33 and x?
11
Suppose 4*r = 16 + 4. Suppose 4*i - 8*a + r = -3*a, -a = 3*i - 20. Calculate the greatest common divisor of i and 2.
1
Suppose -177 = -15*o + 3. Let a be 52/2 + -3 + 1. Let q be o/a + 26/4. Calculate the greatest common factor of q and 28.
7
Let t(i) = i**3 + 15*i**2 - 36*i - 17. Let v be t(-17). What is the greatest common factor of v and 221?
17
Let s be (-4)/8*(-6 - 130). Calculate the greatest common divisor of s and 119.
17
Let o be (-1 - 3/(-6))*-2. Suppose 5*z = 3*z - 18. Let r be z*(0/2 + -1). Calculate the highest common divisor of r and o.
1
Suppose -36 = 12*v - 21*v. What is the greatest common factor of v and 4?
4
Let n = 417 + 81. Suppose 4*p - n = -3*a, -a + 423 = 5*p - 194. Suppose -2*s - 83 = -5*s - 4*v, -5*s + v + p = 0. What is the highest common factor of s and 10?
5
Suppose -5*p + 6*y - 10*y - 42 = 0, 5*y + 15 = 0. Let v be p/(-1) + -2 + -2 + 73. Calculate the greatest common factor of 15 and v.
15
Suppose 3536 = 4*n + y, -5*n = 4*y - 3038 - 1371. Calculate the highest common factor of n and 59.
59
Suppose -2*d - 11*f = -7*f - 8, 4*f = 2*d - 32. Calculate the greatest common factor of d and 430.
10
Let q = 11 + 15. What is the highest common factor of q and 6?
2
Suppose 2*h - 4*h - 6 = 0. Let s be 266/6 - (-1)/h. Let d = 40 + -29. Calculate the highest common divisor of d and s.
11
Let d = -215 + 262. Calculate the greatest common divisor of 517 and d.
47
Let c = 2292 + -1774. Calculate the greatest common factor of c and 154.
14
Let y(d) = 16*d**3 + 4*d**2 - 12*d + 28. Let z be y(5). What is the highest common divisor of 44 and z?
44
Let p be (-7 - 9/(-3)) + 9. Suppose -p*d = -64 - 16. Calculate the greatest common divisor of 40 and d.
8
Suppose -8 + 0 = -3*g - v, 2*g + 4*v = 12. Suppose -2*u - g*y + 2 = -74, u - 28 = 4*y. What is the highest common factor of 24 and u?
12
Let z(c) = -c + 4. Suppose -4*j = -2*j - 2. Let o(s) = -1. Let r(p) = j*z(p) - o(p). Let u be r(-6). What is the greatest common factor of 22 and u?
11
Let s be 0*(-2 + 3 + 0). Let u(l) = l**2 - 9*l - 27. Let c be u(12). Suppose -r + s*r = -c. Calculate the greatest common factor of 9 and r.
9
Let i = 47 - 44. What is the highest common factor of 129 and i?
3
Let t = -965 + 966. What is the greatest common factor of t and 29?
1
Suppose 0 = -4*i + 16, 3*b = 2*i + 186 + 2146. Calculate the greatest common divisor of 78 and b.
78
Suppose -319 = -3*m - 2*z, 2*m - 2*z + 109 = 3*m. Calculate the greatest common divisor of 28 and m.
7
Suppose 11*p = 8*p + 18. Suppose -15 = p*n - n. Let r be (-2 - n)/(1/62). Calculate the greatest common factor of 31 and